110230
In base 12, what is 4 + 293843?
293847
In base 14, what is -6d7784 - -11?
-6d7773
In base 16, what is 16 + -136271?
-13625b
In base 15, what is -4c0b32 - 3?
-4c0b35
In base 4, what is -3313100010 + -13?
-3313100023
In base 14, what is 4a + 542c7?
54333
In base 16, what is -1 - -2c2709b?
2c2709a
In base 16, what is 1 - -9410492?
9410493
In base 7, what is -6442 + -466156?
-505631
In base 14, what is 5 + 2a05b43d?
2a05b444
In base 2, what is -1001011001111101011100011 + 11?
-1001011001111101011100000
In base 2, what is 10101111 + -1010111101001000111?
-1010111100110011000
In base 8, what is 3452 - 31126?
-25454
In base 16, what is -6fd + -fbaa?
-102a7
In base 11, what is -19 - -11362a?
113611
In base 9, what is -7777 - -85247?
76360
In base 3, what is -2221000 + 1110212?
-1110011
In base 14, what is -5 + 4d33a10?
4d33a09
In base 12, what is -15 - -2070381?
2070368
In base 9, what is 732 + 4584832?
4585664
In base 7, what is -6510 - 30615?
-40425
In base 5, what is 1 - 33221021410?
-33221021404
In base 5, what is 3130 - -14402?
23032
In base 10, what is 253081 - 199?
252882
In base 15, what is 1a5c6a + 407?
1a6172
In base 9, what is -34740 - -26305?
-7434
In base 7, what is -132465 - 2524?
-135322
In base 11, what is 4 + 11687424?
11687428
In base 12, what is -35 + 12a657b?
12a6546
In base 16, what is 38082 + -59?
38029
In base 10, what is 0 - 12923470?
-12923470
In base 13, what is -1b69c + 20c?
-1b490
In base 7, what is 324556 + -43644?
250612
In base 15, what is a4 + b491b?
b49c0
In base 12, what is 8628019 + -2?
8628017
In base 5, what is -12 + 111141410300?
111141410233
In base 5, what is 1002121122 + -101?
1002121021
In base 12, what is 8b - -63ab6?
63b85
In base 16, what is 1d - -731728?
731745
In base 15, what is 40e54de - -2?
40e54e1
In base 8, what is -5323 - 40060?
-45403
In base 12, what is -1392b7a - 4?
-1392b82
In base 5, what is -330401 - -1013422?
133021
In base 15, what is -10de1 + -31c?
-1120d
In base 15, what is 9d9 + da404?
daddd
In base 7, what is 26 - 4355644?
-4355615
In base 14, what is 235d98 + -198?
235c00
In base 9, what is -1313 - -1620?
306
In base 15, what is 561c81 - 94?
561bdc
In base 4, what is 202002210113 + 103?
202002210222
In base 3, what is 1021211 + 120210120212?
120211212200
In base 6, what is -50251110150 - 2?
-50251110152
In base 3, what is -1 + 1022222002101?
1022222002100
In base 11, what is -64aa2 - -324?
-64779
In base 6, what is 1125100 - 45?
1125011
In base 7, what is -126600 - -5241?
-121326
In base 4, what is 100 - -10322213200?
10322213300
In base 14, what is -d + 124bc80?
124bc71
In base 13, what is -2 - 28b832?
-28b834
In base 13, what is -403 + c3551?
c314b
In base 5, what is -11113003224 + 11?
-11113003213
In base 12, what is 70 + 85734?
857a4
In base 16, what is -d0e439e - 1?
-d0e439f
In base 9, what is -8 + -735704?
-735713
In base 10, what is 818 + 13504?
14322
In base 9, what is 2043 + 105030?
107073
In base 8, what is 672275473 + 0?
672275473
In base 2, what is 1000 + -10101010000?
-10101001000
In base 11, what is -17 - -2a5921?
2a5905
In base 8, what is -36 + -232034154?
-232034212
In base 11, what is 13 + 19467075?
19467088
In base 7, what is 24122 - -6156?
33311
In base 5, what is 2142414040 + 20?
2142414110
In base 5, what is 13 + 23223324?
23223342
In base 16, what is -28d - -4a17?
478a
In base 10, what is 935 - 17580?
-16645
In base 12, what is 731 - -b34b?
ba80
In base 4, what is -2222 - -33130313?
33122031
In base 3, what is -100 - -200211200100012?
200211200022212
In base 15, what is 0 - 1e3872?
-1e3872
In base 13, what is -c962 - c067?
-1b9c9
In base 7, what is 313 - -54604430?
54605043
In base 14, what is -938 + -13952?
-1448a
In base 13, what is 0 - 16ab916?
-16ab916
In base 13, what is 10592 - -160c6?
26688
In base 10, what is 65241 + 4478?
69719
In base 15, what is -1 + -2e99984?
-2e99985
In base 5, what is -1241442 - 10342?
-1302334
In base 15, what is 4c2d8 - 37?
4c2a1
In base 6, what is 3 - -23054204110?
23054204113
In base 3, what is 222112122111 + -1111?
222112121000
In base 11, what is -2 - -189259?
189257
In base 15, what is -34451 - -65?
-343db
In base 13, what is 9cc307 - -8?
9cc312
In base 8, what is -11055 + 2436?
-6417
In base 14, what is -19b428c - -5?
-19b4287
In base 14, what is -53d1561 - 5?
-53d1566
In base 8, what is 515112005 + -3?
515112002
In base 4, what is 1200301 - -30012?
1230313
In base 14, what is -3 + 235b15?
235b12
In base 6, what is -4 - -42441000?
42440552
In base 2, what is -11010010101101111 + 111100?
-11010010100110011
In base 15, what is b6e38 + 5?
b6e3d
In base 4, what is 32 + -13223111030303?
-13223111030211
In base 5, what is -132 - 212411041?
-212411223
In base 10, what is 52138 + 1333?
53471
In base 16, what is -fda2 + -565c?
-153fe
In base 11, what is 94 + 993466?
99354a
In base 14, what is -21177cb + 4?
-21177c7
In base 15, what is -845a1a - 5?
-845a20
In base 12, what is -25516a + -10?
-25517a
In base 7, what is 60 + 353520?
353610
In base 2, what is 10110 + 111110011110010111?
111110011110101101
In base 11, what is -94 - 3399a5?
-339a89
In base 6, what is 41 + -40344051?
-40344010
In base 5, what is 312324102 - -11?
312324113
In base 5, what is -13123212 - -334?
-13122323
In base 16, what is -6cf6 + 267?
-6a8f
In base 12, what is -1194 - 1a34a?
-1b522
In base 5, what is -13203 + -1320414?
-1334122
In base 10, what is -2639346 - 6?
-2639352
In base 9, what is 13138321 - -2?
13138323
In base 6, what is 2213 + -21053510?
-21051253
In base 7, what is 2 + 3254566315?
3254566320
In base 15, what is -2b88 - -1ad0?
-10a8
In base 16, what is d6 - 6b6b7?
-6b5e1
In base 6, what is -355 - -11523235?
11522440
In base 6, what is 12104 + 12545?
25053
In base 10, what is 0 - -217693?
217693
In base 14, what is dd4b - -11b?
10068
In base 16, what is 3396 + -10c?
328a
In base 14, what is 54 + -39245?
-391d1
In base 7, what is 2405 + 6261?
11666
In base 5, what is -12140 + 112403?
100213
In base 16, what is -d56c4a + a?
-d56c40
In base 5, what is -2001312 - -202403?
-1243404
In base 11, what is 6 + -27917a0?
-2791795
In base 14, what is -3d34365 - 1?
-3d34366
In base 5, what is 13 + -12404420?
-12404402
In base 11, what is -11266 - -19?
-11248
In base 13, what is -12570 + -90?
-12630
In base 2, what is 11010010001010 - 111100110?
11001010100100
In base 8, what is -306 - -3507?
3201
In base 3, what is 20000221112212 + -10?
20000221112202
In base 9, what is 5 + -27815616?
-27815611
In base 10, what is 11277 + -108?
11169
In base 4, what is -13 - -2030111300?
2030111221
In base 5, what is 131 + 312041302?
312041433
In base 7, what is 26621340 + -5?
26621332
In base 15, what is -5 - -a500693?
a50068d
In base 14, what is -5a + -5526b?
-552c7
In base 9, what is 3475757 + 8?
3475766
In base 6, what is 1502 - 224313?
-222411
In base 13, what is -15929379 + 3?
-15929376
In base 6, what is 24 + 3313403320?
3313403344
In base 12, what is 4ab1 + 2061?
6b52
In base 5, what is -4 + 31033131?
31033122
In base 3, what is 20212222 - -110000000?
200212222
In base 11, what is -4 - -5196192?
5196189
In base 3, what is 220212201110101 - 102?
220212201102222
In base 9, what is -242318733 - 5?
-242318738
In base 15, what is 19 + 18aee9?
18b013
In base 15, what is -1 + 1118227?
1118226
In base 7, what is -34 + -4405160?
-4405224
In base 7, what is -26231 - 1425?
-30656
In base 13, what is 2 + 7924bc?
7924c1
In base 5, what is 23044 - 121204?
-43110
In base 7, what is -4041 + 2204115?
2200044
In base 11, what is -7 + 200599?
200592
In base 12, what is -b76a0 - 1491?
-b8b71
In base 8, what is 67613 + 13163?
102776
In base 12, what is a766899a - 1?
a7668999
In base 3, what is 10022122110110 + 20?
10022122110200
In base 7, what is 220556654 + -13?
220556641
In base 10, what is 104531 + 944?
105475
In base 10, what is -46 + 24901?
24855
In base 7, what is 15461224523 + -5?
15461224515
In base 13, what is 16 + a9aa7?
a9ac0
In base 13, what is -139 + -78025?
-78161
In base 8, what is -4151520 + -53?
-4151573
In base 13, what is -2 - -1c56?
1c54
In base 11, what is 357505a + -11?
3575049
In base 7, what is -1505 + 11521?
10013
In base 11, what is -1 + 3649a134?
3649a133
In base 13, what is 961c530c - 0?
961c530c
In base 12, what is -15603 + -386?
-15989
In base 13, wha